-x**3 - 5*x**2 + x + 9. Let j(h) = -5*h**2 + 3*h + 3. Let o be j(-1). Determine z(o).
4
Let n(b) = b**3 - 5*b**2 - 5*b - 7. Suppose 2*k + k = -33. Let p = 22 + k. Suppose 0 = p*w - 10*w - 6. Determine n(w).
-1
Suppose 0 = -4*i - 3*m - 2, -2 = -3*i + 3*m - 14. Let v(p) = 2*p - 2. Let q(z) = 6*z - 6. Let b(s) = -5*q(s) + 16*v(s). Determine b(i).
-6
Let t(c) = 311 + 14*c**2 - 296 + 5*c - 15*c**2. Determine t(8).
-9
Let j(o) be the first derivative of -o**3/3 - 7*o**2/2 + o - 104. Let n(t) = -t - 4. Let q be n(4). Determine j(q).
-7
Suppose 0 = k - 3*k. Let l(i) = i + 1. Let h(y) = -13 + 29 - 6 + 7*y. Let b(q) = -h(q) + 6*l(q). Calculate b(k).
-4
Let g(s) = -s**3 - 4*s**2 + 3*s + 2. Let v be 2 + (-4)/(11 + 1)*-81. Suppose -v*w = -33*w - 20. Determine g(w).
12
Suppose -4 - 2 = -3*j. Let n(s) = -6*s**j + 143*s - 2 - 149*s - s**2 - s**3. Give n(-6).
-2
Suppose 5*w + 33 = 18. Let m(v) = -v**3 - 1. What is m(w)?
26
Let b(m) be the first derivative of 19*m**2/2 - 57*m + 607. Give b(3).
0
Let g = 46 - 39. Let a(r) = 3 + 4*r - 2 + 8*r**2 - g*r**2. Give a(-5).
6
Let o(f) be the first derivative of 3*f**4/4 - 2*f**3/3 - f**2/2 + 1. Let v be 1*(0 - (-1)/(-3*1/3)). Calculate o(v).
-4
Let y(s) = -s**2 - 1. Let k = 53 + -48. Suppose -r = -5*m - 20, -k*r + 5*m - 40 = 8*m. Give y(r).
-26
Suppose -5*j + 23 = 3*x, -2*x + 3 - 13 = -3*j. Let b(z) = 19*z. Calculate b(x).
19
Suppose -2*w + 22 = -2*g - 0*g, g = -w + 3. Let s(b) = -b**2 - 6*b + w + 3*b - 4*b. Determine s(-6).
13
Let b(c) be the third derivative of -c**6/360 + c**5/15 + 7*c**4/24 - 7*c**3/6 + 16*c**2. Let n(g) be the first derivative of b(g). Give n(8).
7
Let q(d) = -2*d - 26. Let y(t) = -t - 13. Let f(p) = -3*q(p) + 5*y(p). Let c be f(-9). Let h(w) = -13*w + 3 - w**2 + 17*w + 4*w**2 - w**3. Give h(c).
3
Let w(c) be the first derivative of c**3/3 - 5*c**2 - 5*c + 56. Determine w(11).
6
Suppose -u + 6 = c, 3*c - 16 - 2 = -4*u. Let d(a) = c + 4*a - 6*a - 1. Give d(-4).
13
Let h = -11 - -5. Let t(y) be the third derivative of -y**6/120 - 7*y**5/60 - 3*y**4/8 - 3*y**3/2 - 43*y**2. Calculate t(h).
9
Let l(z) = -55*z + 8 + 62*z + 9 - 24. Determine l(3).
14
Let m(b) = -29 + 13*b**2 - 22*b + 28*b**2 - 43*b**2. What is m(-9)?
7
Let d(g) be the first derivative of g**7/840 + g**6/120 - g**5/60 - g**4/24 - 2*g**3/3 + 4. Let m(y) be the third derivative of d(y). Determine m(-3).
5
Let f(u) = -2*u + 2. Let x be -5*36/(-16)*4/5. What is f(x)?
-16
Let o(q) = -8*q**3 - q**2 + 2*q - 1. Let k be 1/5*(-40)/(-8). Calculate o(k).
-8
Let m(g) be the first derivative of -7/2*g**2 + 1/3*g**3 - 3*g + 1. Determine m(7).
-3
Let j be 7*(1/6 - (-15)/126). Let n(g) = 3*g + 7 + 0*g**3 - g**j - 2*g + g**3. Calculate n(0).
7
Let j(z) = 12*z**2 + 2*z + 2 - 23 - 4 + 2 - 11*z**2. Calculate j(4).
1
Let l(k) = k + 12. Let w = -16 + 34. Suppose 6*i - w = 8*i. What is l(i)?
3
Let f(p) be the second derivative of 4*p**2 + 0*p**5 - 1/24*p**4 + 3/40*p**6 + 7*p + 0*p**3 + 0. Let j(r) be the first derivative of f(r). Give j(1).
8
Let g(p) = -2*p**2 + 281*p**3 + 2*p**2 + p**2 - p - 282*p**3. Determine g(1).
-1
Let d(l) be the second derivative of -l**3/3 - l**2 + l. Let j = 380 - 383. Calculate d(j).
4
Let f(n) = -8*n - 5. Let p(m) = -m - 1. Let c(a) = -f(a) + 4*p(a). Suppose 4*w + v = -0*w - 5, 2*w + 3*v + 5 = 0. What is c(w)?
-3
Let f(t) = -3*t**2 + 5. Let x(s) = s**2 - 2*s - 5. Let v(i) = -2*f(i) - 3*x(i). Give v(-2).
5
Let z(d) = 349 + 163*d - 325 - 165*d. Give z(8).
8
Let t be 5/(-15) + (-2)/3 + 1. Suppose t*g - 2*g = -2*d - 10, 6 = 2*g. Let k(u) = 2*u**2 - 3*u - 2. Give k(d).
12
Let x(o) = -11*o**3 + 8*o**2 - 19*o - 22. Let n(u) = 3*u**3 - 2*u**2 + 6*u + 7. Let z(g) = 7*n(g) + 2*x(g). Calculate z(4).
-11
Suppose p + 51 = -4*u - 2*p, 0 = -3*u - 2*p - 38. Let s = 17 + u. Let d = -5 + s. Let v(w) = w**2 - w - 2. What is v(d)?
-2
Let s(h) be the third derivative of h**4/24 + h**3/2 + 2*h**2. Let r be 2*(-2 + (-3)/2). Give s(r).
-4
Let r(a) = -4*a + 7. Let n(h) = h - 2. Let t(x) = -7*n(x) - 2*r(x). Let l be t(5). Let k(y) = -2*y + y**2 + 0*y**2 + 5*y + 4*y + l. Determine k(-4).
-7
Suppose 0 = d - 4*v - 61, 280 = 5*d - 4*v - 89. Let i = d + -77. Let x(l) = l - l**2 + 2 + 4*l**2 - 4*l**2. Give x(i).
2
Let m(f) be the third derivative of -f**5/30 + 2*f**3/3 - f**2 + 26*f. What is m(-2)?
-4
Let m(b) = -b - 1. Let h be m(-5). Suppose -8*p = -h*p - 12. Let f(y) = 413*y + 2*y**2 - 413*y + y**p - 1. What is f(-2)?
-1
Let o(z) = -z**2 - 5*z + 6. Let y = -85 + 83. Let q = -2 - 1. Let m = y + q. Give o(m).
6
Let d(m) = m**3 + m**2 - m - 1. Let p be (-12)/(-4) - (0 + 4). Let z be d(p). Let v(b) = -b - 2. What is v(z)?
-2
Let r = 22 + -22. Suppose 0*n + n = r. Suppose m + 2 - 4 = n. Let f(s) = s**3 - s - 2. Determine f(m).
4
Let g be (-10)/(-40) - (-1)/(-4). Suppose -2*o + o - 5 = g. Let q(z) = 3*z**2 + 12*z - 9. Let h(x) = 2*x**2 + 11*x - 8. Let n(l) = o*h(l) + 4*q(l). Give n(4).
8
Let m(o) be the second derivative of -13*o + 0 - 2/3*o**3 + 0*o**2. Calculate m(-1).
4
Let n(g) be the first derivative of -g**4/24 + 2*g**3/3 - 15*g**2 + 21. Let f(t) be the second derivative of n(t). Give f(7).
-3
Let j(s) = -1084*s - 1 + 1081*s - 3 + 9. Determine j(4).
-7
Let a(y) = -2*y**2 - 1 + y**2 + y + 3. Let x be (0 - -2)*(-5)/10*0. Calculate a(x).
2
Let n(b) = -b**2 + 2. Let g be (2 - -23)*8/(-10). Suppose 0 = 4*m - 101 + 13. Let p = g + m. Calculate n(p).
-2
Let n(r) = -4754*r + 2378*r + 5 + 2379*r. Calculate n(-4).
-7
Let u(o) = o - 12. Let q be -5 + 1 + 2 + -3. Let s be 5*(11/q - -4). Give u(s).
-3
Let i(q) = -7*q**2 + 3*q - 2. Let k = 6 + -9. Let s(l) = -4 + 5 - 3*l + 6*l**2 + l + 0*l**2. Let n(r) = k*i(r) - 4*s(r). What is n(-2)?
-8
Let r(q) = q**2 - 5*q - 4. Suppose 3*x + 0*x + 5*c = -2, -2*x + 5*c + 7 = 0. Let l(a) = -a**2 - a - 1. Let d(i) = x*r(i) - 3*l(i). Give d(-1).
5
Let p(v) = -11*v - 22. Let j(b) = -17*b - 35. Let d(c) = -5*j(c) + 8*p(c). Determine d(5).
-16
Let n(x) = x**2 + 8*x - 4. Let r be n(-9). Let q(j) = 4 - r*j + 3 + j + j. Suppose 5*t = 30 - 5. What is q(t)?
-8
Let u(n) = -10*n**2 + 1. Suppose 6*y - 1 = 5*y. Let f be y + -1 - (2 - 0) - -1. Give u(f).
-9
Suppose 2*j = 55*j + 265. Let w(t) = -2*t + 7*t - 1 - 3*t. Determine w(j).
-11
Let r(k) = 7*k**3 - 2*k**2 - k. Suppose 4*w - 10 = -3*g, 2*g - 3*w + 1 = 2*w. Calculate r(g).
46
Let j(u) = -28*u**2 + 3 + 9*u**2 + 5*u**2 - 7*u + u**3 + 11*u**2 + 8*u**2. Let f be 38/(-6) - 2/(-6). Calculate j(f).
9
Let f(k) be the second derivative of k**5/10 - k**4/4 + k**3/3 + k**2/2 - 66*k + 2. What is f(2)?
9
Let h(y) = y**2 + 9*y + 5. Suppose 0 = 56*x - 57*x - 10. Determine h(x).
15
Let z(r) be the second derivative of -r**6/120 + r**5/6 + 11*r**4/24 - 2*r**3/3 + 15*r**2/2 - 31*r. Let l(g) be the first derivative of z(g). Determine l(11).
-4
Let j(g) be the second derivative of g**5/20 + 3*g**4/4 + 4*g**3/3 + 6*g**2 - g. Let q = -62 + 54. Calculate j(q).
12
Let n(c) = c**3 - 2*c**2 + 1. Let w = 17 + -16. Let d be (-2 - w) + 0 + 11. Let a = 6 - d. Give n(a).
-15
Let n(h) be the third derivative of h**6/40 - h**5/20 - h**4/24 - h**3/2 + 163*h**2. What is n(3)?
48
Let f(l) be the third derivative of -l**5/60 - l**4/6 + l**3/3 - 4*l**2 - 3. Determine f(-6).
-10
Let f(r) = 3*r**2 + 6*r + 2. Let l(v) = -v**2 + v - 2. Let i(m) = -f(m) + l(m). What is i(-3)?
-25
Let f(c) = -c**2 + 3*c - 2. Let a(v) = v**2 + 6*v + 4. Let o be a(-6). Let h be o/3 - 5/15. Suppose 0 = -2*y + p - h, -p + 2*p = -y + 7. Calculate f(y).
0
Suppose -4*n = -3*d - 8, 0*d - 3*d - 12 = 0. Let o(y) = 15*y + 1. What is o(n)?
-14
Let m(q) = q + 1. Let g(h) = -h**2 + h + 1. Let i(n) = g(n) - m(n). Let k(c) = 4*c**2 + c. Let z(j) = 3*i(j) + k(j). Give z(2).
6
Let u(a) be the second derivative of -1/20*a**5 + 0 - 2/3*a**3 - 26*a - 5/2*a**2 - 1/2*a**4. Calculate u(-5).
-10
Let l(g) = -g**3 + 10*g**2 - 10*g - 3. Let y(r) = r**2 - 2*r - 1. Let n(v) = -l(v) + 2*y(v). What is n(7)?
-6
Let j be (-4)/(-6) + 32/6. Let x be (-11)/66 + (-25)/(-6). Let f(z) = -2*z + x + 5*z - 11. Give f(j).
11
Let o(r) be the second derivative of -5*r**4/12 + r**3/3 + r**2 + r. Suppose -5*g - i + 29 = -0, -4*i + 26 = 5*g. Let p be (-16)/(-12) + g/9. Calculate o(p).
-14
Suppose 0 = -q - q - 12. Let j = -3 - q. Let k(u) = -5*u - 11. Let o(s) = 2*s + 5. Let z(r) = -3*k(r) - 7*o(r). Calc